{"id":3255,"date":"2019-05-27T15:17:25","date_gmt":"2019-05-27T13:17:25","guid":{"rendered":"http:\/\/rcppm.org\/blog\/?page_id=3255"},"modified":"2019-06-15T22:16:35","modified_gmt":"2019-06-15T20:16:35","slug":"partenaires-en-regions","status":"publish","type":"page","link":"https:\/\/rcppm.org\/blog\/partenaires\/partenaires-en-regions\/","title":{"rendered":"Partenaires en r\u00e9gions"},"content":{"rendered":"<h1>Sites patrimoniaux<\/h1>\n<p><a href=\"https:\/\/www.aude.fr\/decouvrir-labbaye-de-lagrasse\" target=\"_blank\" rel=\"noopener noreferrer\">Abbaye de Lagrasse<\/a><\/p>\n<p><a href=\"http:\/\/www.cloitre-frejus.fr\/\" target=\"_blank\" rel=\"noopener noreferrer\">Clo\u00eetre de Fr\u00e9jus<\/a><\/p>\n<p><a href=\"http:\/\/chateau.tarascon.fr\/\" target=\"_blank\" rel=\"noopener noreferrer\">Ch\u00e2teau de Tarascon<\/a><\/p>\n<p><a href=\"https:\/\/chateldetheys.com\/\" target=\"_blank\" rel=\"noopener noreferrer\">Ch\u00e2tel de Theys<\/a><\/p>\n<p><a href=\"https:\/\/rcppm.org\/blog\/2015\/06\/millas-eglise-sainte-eulalie\/\" target=\"_blank\" rel=\"noopener noreferrer\">Eglise sainte Eulalie de Millas<\/a><\/p>\n<h1>Mus\u00e9es<\/h1>\n<p><a href=\"https:\/\/www.museededie.org\/\" target=\"_blank\" rel=\"noopener noreferrer\">Mus\u00e9e arch\u00e9ologique de Die et du Diois<\/a><\/p>\n<p><a href=\"https:\/\/www.narbonne.fr\/palais-neuf\" target=\"_blank\" rel=\"noopener noreferrer\">Mus\u00e9e d&rsquo;Art et d&rsquo;Histoire de Narbonne<\/a><\/p>\n<p><a href=\"http:\/\/www.musees.gard.fr\/decouvrir-les-musees\/musee-dart-sacre-du-gard\/presentation.html\" target=\"_blank\" rel=\"noopener noreferrer\">Mus\u00e9e d&rsquo;Art sacr\u00e9 du Gard\u00a0\u2013 Pont-Saint-Esprit<\/a><\/p>\n<p><a href=\"https:\/\/www.museuepiscopalvic.com\/fr\" target=\"_blank\" rel=\"noopener noreferrer\">Mus\u00e9e \u00e9piscopal de Vic<\/a><\/p>\n<p><a href=\"https:\/\/www.jacobins.toulouse.fr\/le-musee-des-augustins\" target=\"_blank\" rel=\"noopener noreferrer\">Mus\u00e9e des Augustins de Toulouse<\/a><\/p>\n<p><a href=\"http:\/\/musee.metzmetropole.fr\/\" target=\"_blank\" rel=\"noopener noreferrer\">Mus\u00e9e de la Cour d&rsquo;Or\u00a0\u2013 Metz M\u00e9tropole<\/a><\/p>\n<h1>Associations<\/h1>\n<p><a href=\"https:\/\/www.tourismecanaldumidi.fr\/Faire\/Associations\/Associations-patrimoniales\/Association-de-Recherches-d-Echanges-et-de-Sauvegarde-des-Patrimoines-ARESP\" target=\"_blank\" rel=\"noopener noreferrer\">Association de Recherches, d&rsquo;Echanges et de Sauvegarde des patrimoines (ARESP)<\/a><\/p>\n<p><a href=\"http:\/\/www.sparsae.fr\/\" target=\"_blank\" rel=\"noopener noreferrer\">Association Culturelle d&rsquo;Aigueperse et ses Environs (ACAE \u2013 revue SPARSAE)<\/a><\/p>\n<h1>Communes, communaut\u00e9s urbaines et offices de tourisme<\/h1>\n<p><a href=\"https:\/\/www.cc-sud-herault.fr\/tourisme\/office-de-tourisme-intercommunal\/\" target=\"_blank\" rel=\"noopener noreferrer\">Communaut\u00e9 de Communes Sud-H\u00e9rault<\/a><\/p>\n<p><a href=\"http:\/\/www.lagrasse.fr\/?page_id=15\" target=\"_blank\" rel=\"noopener noreferrer\">Lagrasse, village m\u00e9di\u00e9val<\/a><\/p>\n<p><a href=\"https:\/\/www.capdagde.com\/\" target=\"_blank\" rel=\"noopener noreferrer\">Office de tourisme Cap d&rsquo;Agde\u00a0\u2013 M\u00e9diterran\u00e9e<\/a><\/p>\n","protected":false},"excerpt":{"rendered":"<p>Sites patrimoniaux Abbaye de Lagrasse Clo\u00eetre de Fr\u00e9jus Ch\u00e2teau de Tarascon Ch\u00e2tel de Theys Eglise sainte Eulalie de Millas Mus\u00e9es Mus\u00e9e arch\u00e9ologique de Die et&#46;&#46;&#46;<\/p>\n","protected":false},"author":11,"featured_media":0,"parent":3252,"menu_order":1,"comment_status":"closed","ping_status":"closed","template":"","meta":{"footnotes":"","_links_to":"","_links_to_target":""},"class_list":["post-3255","page","type-page","status-publish","hentry"],"_links":{"self":[{"href":"https:\/\/rcppm.org\/blog\/wp-json\/wp\/v2\/pages\/3255","targetHints":{"allow":["GET"]}}],"collection":[{"href":"https:\/\/rcppm.org\/blog\/wp-json\/wp\/v2\/pages"}],"about":[{"href":"https:\/\/rcppm.org\/blog\/wp-json\/wp\/v2\/types\/page"}],"author":[{"embeddable":true,"href":"https:\/\/rcppm.org\/blog\/wp-json\/wp\/v2\/users\/11"}],"replies":[{"embeddable":true,"href":"https:\/\/rcppm.org\/blog\/wp-json\/wp\/v2\/comments?post=3255"}],"version-history":[{"count":8,"href":"https:\/\/rcppm.org\/blog\/wp-json\/wp\/v2\/pages\/3255\/revisions"}],"predecessor-version":[{"id":3468,"href":"https:\/\/rcppm.org\/blog\/wp-json\/wp\/v2\/pages\/3255\/revisions\/3468"}],"up":[{"embeddable":true,"href":"https:\/\/rcppm.org\/blog\/wp-json\/wp\/v2\/pages\/3252"}],"wp:attachment":[{"href":"https:\/\/rcppm.org\/blog\/wp-json\/wp\/v2\/media?parent=3255"}],"curies":[{"name":"wp","href":"https:\/\/api.w.org\/{rel}","templated":true}]}}