{"id":3187,"date":"2019-05-26T13:11:07","date_gmt":"2019-05-26T11:11:07","guid":{"rendered":"http:\/\/rcppm.org\/blog\/?page_id=3187"},"modified":"2019-05-27T16:58:38","modified_gmt":"2019-05-27T14:58:38","slug":"bases-de-donnees","status":"publish","type":"page","link":"https:\/\/rcppm.org\/blog\/pro-et-chercheurs\/bases-de-donnees\/","title":{"rendered":"Bases de donn\u00e9es"},"content":{"rendered":"<h1>Images m\u00e9di\u00e9vales<\/h1>\n<p><a href=\"https:\/\/medihal.archives-ouvertes.fr\/search\" target=\"_blank\" rel=\"noopener\">M\u00e9diHAL<\/a><\/p>\n<p style=\"padding-left: 35px;\">La base M\u00e9diHAL\u00a0permet de consulter des donn\u00e9es visuelles et sonores (images fixes, vid\u00e9os, sons et cartes) produites dans le cadre de la recherche scientifique. Elle n&rsquo;est <em><strong>pas<\/strong> <\/em>destin\u00e9e uniquement aux sources m\u00e9di\u00e9vales. Vous pourrez y trouver des sources num\u00e9ris\u00e9es, mais aussi des conf\u00e9rences film\u00e9es, par exemple.<\/p>\n<p>&nbsp;<\/p>\n<p><a href=\"http:\/\/cescm.labo.univ-poitiers.fr\/timel\/\" target=\"_blank\" rel=\"noopener\">TIMEL<\/a><\/p>\n<p style=\"padding-left: 35px;\">Le TIMEL (th\u00e9saurus des images m\u00e9di\u00e9vales en ligne)\u00a0est un outil con\u00e7u par le Groupe d&rsquo;Anthropologie Historique de l\u2019Occident M\u00e9di\u00e9val (GAHOM, maintenant AHLOMA) et le Centre d\u2019\u00c9tudes Sup\u00e9rieures de Civilisation m\u00e9di\u00e9vale (CESCM). Il est destin\u00e9 \u00e0 faciliter le travail d\u2019indexation des \u0153uvres figur\u00e9es du Moyen \u00c2ge, quels qu\u2019en soient les supports. Vous pouvez l&rsquo;utiliser dans ce but ou pour vous aider \u00e0 trouver d&rsquo;autres termes pour affiner vos recherches.<\/p>\n<p>&nbsp;<\/p>\n<h1>Architecture m\u00e9di\u00e9vale<\/h1>\n<p><a href=\"https:\/\/www.aragonmudejar.com\/\" target=\"_blank\" rel=\"noopener\">Aragon Mud\u00e9jar<\/a><\/p>\n<p style=\"padding-left: 35px;\">La base Aragon Mud\u00e9jar pr\u00e9sente en d\u00e9tails et avec des images des sites m\u00e9di\u00e9vaux mud\u00e9jars en Aragon. L&rsquo;adjectif \u00ab\u00a0mud\u00e9jar\u00a0\u00bb se rapporte aux musulmans d&rsquo;Espagne devenus sujets des royaumes chr\u00e9tiens espagnols. L&rsquo;art mud\u00e9jar t\u00e9moigne de la rencontre de ces cultures.<\/p>\n<p>&nbsp;<\/p>\n<h1><\/h1>\n<h1>H\u00e9raldique monumentale, devises et sceaux<\/h1>\n<p><a href=\"http:\/\/base-armma.edel.univ-poitiers.fr\/\" target=\"_blank\" rel=\"noopener\">Armorial monumental du Moyen \u00c2ge (ARMMA)<\/a><\/p>\n<p style=\"padding-left: 35px;\">La base ARMMA est utile pour retrouver des figurations h\u00e9raldiques sur et dans des b\u00e2timents m\u00e9di\u00e9vaux. Le programme de recherche ARMMA vise \u00e0 \u00e9tablir un recensement complet et une \u00e9tude scientifique de toutes les figurations h\u00e9raldiques monumentales m\u00e9di\u00e9vales (fin XIIe-d\u00e9but XVIe si\u00e8cle) en France. Le programme a \u00e9galement pour but de contribuer \u00e0 la valorisation et \u00e0 la conservation de ce patrimoine longtemps d\u00e9valoris\u00e9.<\/p>\n<p>&nbsp;<\/p>\n<p><a href=\"http:\/\/www2.culture.gouv.fr\/public\/mistral\/dapamer_fr?ACTION=NOUVEAU&amp;\" target=\"_blank\" rel=\"noopener\">M\u00e9rim\u00e9e<\/a><\/p>\n<p style=\"padding-left: 35px;\">La base M\u00e9rim\u00e9e permet d&rsquo;obtenir des informations sur des immeubles prot\u00e9g\u00e9s au titre des Monuments historiques et sites patrimoniaux remarquables. On peut faire une recherche \u00e0 partir d&rsquo;un \u00e9l\u00e9ment, par exemple \u00ab\u00a0hybrides\u00a0\u00bb ou \u00ab\u00a0solives\u00a0\u00bb. Un conseil : faire une recherche sans cocher la case \u00ab\u00a0avec image\u00a0\u00bb vous donnera souvent beaucoup plus de r\u00e9sultats.<\/p>\n<p>&nbsp;<\/p>\n<p><a href=\"http:\/\/base-devise.edel.univ-poitiers.fr\/\" target=\"_blank\" rel=\"noopener\">Devise<\/a><\/p>\n<p style=\"padding-left: 35px;\">La base Devise a pour but de recenser l&rsquo;ensemble des donn\u00e9es relatives aux devises europ\u00e9ennes de la fin du Moyen \u00c2ge et de la premi\u00e8re Renaissance (1350-1550). Elle rassemble les devises r\u00e9pertori\u00e9es \u00e0 l\u2019occasion de la th\u00e8se de\u00a0Laurent Hablot. Elle est r\u00e9guli\u00e8rement nourrie de nouvelles informations et devises gr\u00e2ce aux nouvelles recherches et collaborations.<\/p>\n<p style=\"padding-left: 75px;\"><span style=\"font-size: xx-small;\">Th\u00e8se de Laurent Hablot :\u00a0<em>La devise, mise en signe du prince, mise en sc\u00e8ne du pouvoir.\u00a0Les devises et l\u2019embl\u00e9matique des princes en Europe \u00e0 la fin du Moyen Age<\/em>, soutenue en 2001 \u00e0 l\u2019Universit\u00e9 de Poitiers sous la direction des professeurs Michel Pastoureau et Martin Aurell.<\/span><\/p>\n<p>&nbsp;<\/p>\n<p><a href=\"http:\/\/www.sigilla.org\/\" target=\"_blank\" rel=\"noopener\">Sigilla<\/a><\/p>\n<p style=\"padding-left: 35px;\">La base Sigilla rassemble les sceaux conserv\u00e9s en France.\u00a0Le projet a la volont\u00e9 de consid\u00e9rer le sceau dans sa s\u00e9rialit\u00e9 et dans son contexte et d\u00e9veloppe une d\u00e9marche pluridisciplinaire qui associe la diplomatique, l\u2019embl\u00e9matique et l\u2019\u00e9pigraphie. Les r\u00e9sultats d&rsquo;une recherche sont donn\u00e9s sous forme de tableau d&rsquo;images, ce qui en facilite la consultation.<\/p>\n","protected":false},"excerpt":{"rendered":"<p>Images m\u00e9di\u00e9vales M\u00e9diHAL La base M\u00e9diHAL\u00a0permet de consulter des donn\u00e9es visuelles et sonores (images fixes, vid\u00e9os, sons et cartes) produites dans le cadre de la&#46;&#46;&#46;<\/p>\n","protected":false},"author":11,"featured_media":0,"parent":8,"menu_order":6,"comment_status":"closed","ping_status":"closed","template":"","meta":{"footnotes":"","_links_to":"","_links_to_target":""},"class_list":["post-3187","page","type-page","status-publish","hentry"],"_links":{"self":[{"href":"https:\/\/rcppm.org\/blog\/wp-json\/wp\/v2\/pages\/3187","targetHints":{"allow":["GET"]}}],"collection":[{"href":"https:\/\/rcppm.org\/blog\/wp-json\/wp\/v2\/pages"}],"about":[{"href":"https:\/\/rcppm.org\/blog\/wp-json\/wp\/v2\/types\/page"}],"author":[{"embeddable":true,"href":"https:\/\/rcppm.org\/blog\/wp-json\/wp\/v2\/users\/11"}],"replies":[{"embeddable":true,"href":"https:\/\/rcppm.org\/blog\/wp-json\/wp\/v2\/comments?post=3187"}],"version-history":[{"count":19,"href":"https:\/\/rcppm.org\/blog\/wp-json\/wp\/v2\/pages\/3187\/revisions"}],"predecessor-version":[{"id":3287,"href":"https:\/\/rcppm.org\/blog\/wp-json\/wp\/v2\/pages\/3187\/revisions\/3287"}],"up":[{"embeddable":true,"href":"https:\/\/rcppm.org\/blog\/wp-json\/wp\/v2\/pages\/8"}],"wp:attachment":[{"href":"https:\/\/rcppm.org\/blog\/wp-json\/wp\/v2\/media?parent=3187"}],"curies":[{"name":"wp","href":"https:\/\/api.w.org\/{rel}","templated":true}]}}