{"id":17,"date":"2010-05-05T12:48:09","date_gmt":"2010-05-05T10:48:09","guid":{"rendered":"http:\/\/rcppm.org\/blog\/?page_id=17"},"modified":"2019-05-26T11:54:08","modified_gmt":"2019-05-26T09:54:08","slug":"iconotheque","status":"publish","type":"page","link":"https:\/\/rcppm.org\/blog\/pro-et-chercheurs\/iconotheque\/","title":{"rendered":"Iconoth\u00e8que"},"content":{"rendered":"<p style=\"text-align: left;\">L&rsquo;iconoth\u00e8que des plafonds peints est en construction, elle est d&rsquo;ores et d\u00e9j\u00e0 disponible au lien suivant sur le site : <a href=\"https:\/\/medihal.archives-ouvertes.fr\/search\" target=\"_blank\" rel=\"noopener\">M\u00e9dihal<\/a><\/p>\n<p style=\"text-align: center;\"><a href=\"http:\/\/medihal.archives-ouvertes.fr\" target=\"_blank\" rel=\"noopener\"><img loading=\"lazy\" decoding=\"async\" class=\"size-full wp-image-449 aligncenter\" title=\"aller sur M\u00e9diHAL\" src=\"https:\/\/rcppm.org\/blog\/wp-content\/uploads\/2010\/05\/logo-medihal.png\" alt=\"\" width=\"683\" height=\"84\" srcset=\"https:\/\/rcppm.org\/blog\/wp-content\/uploads\/2010\/05\/logo-medihal.png 975w, https:\/\/rcppm.org\/blog\/wp-content\/uploads\/2010\/05\/logo-medihal-300x36.png 300w, https:\/\/rcppm.org\/blog\/wp-content\/uploads\/2010\/05\/logo-medihal-768x95.png 768w\" sizes=\"auto, (max-width: 683px) 100vw, 683px\" \/><\/a><\/p>\n<p style=\"text-align: justify;\">La RCPPM a choisi de d\u00e9poser son iconoth\u00e8que sur <strong>M\u00e9diHAL<\/strong>. Ce site de d\u00e9p\u00f4t et de partage d&rsquo;images a \u00e9t\u00e9 mis en place et est administr\u00e9 par le CNRS, <em>via <\/em>le Centre pour la communication scientifique directe (CCSD) et le Centre national pour la num\u00e9risation de sources visuelles (CN2SV).<br \/>\nCette institution scientifique et publique impose une gestion attentive des \u00e9l\u00e9ments d\u00e9pos\u00e9s et un respect de la propri\u00e9t\u00e9 intellectuelle et des droits d\u2019image (protection sous les licences <a href=\"http:\/\/fr.creativecommons.org\/contrats.htm\" target=\"_blank\" rel=\"noopener\"><span style=\"text-decoration: underline;\">Cr\u00e9ative Commons<\/span><\/a>).<\/p>\n<p style=\"text-align: justify;\"><!--more--><\/p>\n<p style=\"text-align: justify;\"><strong><span style=\"text-decoration: underline;\">Fonctionnement<\/span><\/strong><br \/>\nChaque image de plafond d\u00e9pos\u00e9e, dans la base M\u00e9diHal, par la RCPPM, est associ\u00e9e \u00e0 au moins 4\u00a0<strong>mots-clefs<\/strong> : le nom du b\u00e2timent, celui de la commune, celui de la r\u00e9gion et le mot \u00ab plafond peint \u00bb. Plusieurs autres mots-clefs peuvent \u00eatre utilis\u00e9s ; ils servent \u00e0 d\u00e9crire l\u2019image, \u00e0 partir de la base \u00e9labor\u00e9e par le GAHOM.<\/p>\n<p style=\"text-align: justify;\">Pour consulter les images, la solution la plus directe est donc de se rendre sur le site M\u00e9diHAL, en cliquant sur le lien suivant : <a href=\"http:\/\/medihal.archives-ouvertes.fr\" target=\"_blank\" rel=\"noopener\"><span style=\"text-decoration: underline;\">http:\/\/medihal.archives-ouvertes.fr<\/span><\/a>. Dans le cartouche de recherche en haut, \u00e0 droite, \u00e0 c\u00f4t\u00e9 de la loupe, inscrire les mots-clefs correspondant \u00e0 ce que vous recherchez, puis cliquer sur la petite loupe. Le r\u00e9sultat de la recherche n&rsquo;est pas sp\u00e9cifique au compte de la RCPPM. Vous trouverez ainsi tous les d\u00e9p\u00f4ts contenant, dans leurs m\u00e9tadonn\u00e9es, le mot-clef choisi.<\/p>\n<p style=\"text-align: justify;\"><span style=\"text-decoration: underline;\"><strong>Lecture<\/strong><\/span><br \/>\nLa plupart des photographies repr\u00e9sente des closoirs. Pour retrouver leur emplacement, la description pr\u00e9cise \u00e0 chaque fois sa poutre\/pan de mur, la face de la poutre (A ou B) et son num\u00e9ro d&#8217;emplacement. Tout en sachant que :<br \/>\n&#8211; les poutres sont num\u00e9rot\u00e9es \u00e0 partir de l&rsquo;entr\u00e9e originelle (la poutre I est donc toujours la poutre la plus proche de l&rsquo;entr\u00e9e originelle, celle qui a \u00a0le plus grand chiffre, la plus \u00e9loign\u00e9e).<br \/>\n&#8211; la face A est celle qui se trouve du c\u00f4t\u00e9 du mur parall\u00e8le le plus proche de l&rsquo;entr\u00e9e.<br \/>\n&#8211; la lecture des num\u00e9ros d&#8217;emplacement se fait en <strong>boustroph\u00e9don<\/strong>, en commen\u00e7ant toujours de gauche \u00e0 droite par la poutre I ou le premier pan de mur parall\u00e8le aux poutres. A chaque nouvelle face, le compte des closoirs reprend \u00e0 z\u00e9ro.<br \/>\nCette m\u00e9thode vous permet, si aucun plan n&rsquo;est disponible, de le reconstituer. Chaque closoir a ainsi un \u00ab nom \u00bb unique et parlant, ce qui devrait faciliter les conversations !<\/p>\n<p style=\"text-align: justify;\"><span style=\"text-decoration: underline;\"><strong>Contribution<\/strong><\/span><br \/>\nSi vous \u00eates l&rsquo;auteur de photographies in\u00e9dites, d&rsquo;archives, de documentaires qui touchent au sujet des plafonds peints, nous serions ravis que vous acceptiez de contribuer \u00e0 notre iconoth\u00e8que. M\u00e9diHAL permet de prot\u00e9ger le statut du photographe, les conditions d&rsquo;utilisation et les cr\u00e9dits. Un contrat de cession de droits (pour les particuliers) ou une convention de licence (pour les institutions) est \u00e0 signer entre les deux parties.<br \/>\nMerci de nous contacter.<\/p>\n","protected":false},"excerpt":{"rendered":"<p>L&rsquo;iconoth\u00e8que des plafonds peints est en construction, elle est d&rsquo;ores et d\u00e9j\u00e0 disponible au lien suivant sur le site : M\u00e9dihal La RCPPM a choisi&#46;&#46;&#46;<\/p>\n","protected":false},"author":1,"featured_media":0,"parent":8,"menu_order":2,"comment_status":"closed","ping_status":"closed","template":"","meta":{"footnotes":"","_links_to":"","_links_to_target":""},"class_list":["post-17","page","type-page","status-publish","hentry"],"_links":{"self":[{"href":"https:\/\/rcppm.org\/blog\/wp-json\/wp\/v2\/pages\/17","targetHints":{"allow":["GET"]}}],"collection":[{"href":"https:\/\/rcppm.org\/blog\/wp-json\/wp\/v2\/pages"}],"about":[{"href":"https:\/\/rcppm.org\/blog\/wp-json\/wp\/v2\/types\/page"}],"author":[{"embeddable":true,"href":"https:\/\/rcppm.org\/blog\/wp-json\/wp\/v2\/users\/1"}],"replies":[{"embeddable":true,"href":"https:\/\/rcppm.org\/blog\/wp-json\/wp\/v2\/comments?post=17"}],"version-history":[{"count":30,"href":"https:\/\/rcppm.org\/blog\/wp-json\/wp\/v2\/pages\/17\/revisions"}],"predecessor-version":[{"id":3183,"href":"https:\/\/rcppm.org\/blog\/wp-json\/wp\/v2\/pages\/17\/revisions\/3183"}],"up":[{"embeddable":true,"href":"https:\/\/rcppm.org\/blog\/wp-json\/wp\/v2\/pages\/8"}],"wp:attachment":[{"href":"https:\/\/rcppm.org\/blog\/wp-json\/wp\/v2\/media?parent=17"}],"curies":[{"name":"wp","href":"https:\/\/api.w.org\/{rel}","templated":true}]}}