{"id":1550,"date":"2013-12-21T12:22:54","date_gmt":"2013-12-21T10:22:54","guid":{"rendered":"http:\/\/rcppm.org\/blog\/?page_id=1550"},"modified":"2024-10-02T16:57:48","modified_gmt":"2024-10-02T14:57:48","slug":"programmes-des-rencontres","status":"publish","type":"page","link":"https:\/\/rcppm.org\/blog\/lassociation-rcppm\/programmes-des-rencontres\/","title":{"rendered":"Programmes des rencontres"},"content":{"rendered":"\n<p>Vous trouverez ici les programmes des rencontres annuelles de la RCPPM. Nous organisons de nombreux autres \u00e9v\u00e9nements autour des plafonds peints, qui sont annonc\u00e9s dans les actualit\u00e9s (accessibles depuis la <a rel=\"noreferrer noopener\" aria-label=\"page d'accueil (s\u2019ouvre dans un nouvel onglet)\" href=\"https:\/\/rcppm.org\/blog\/\" target=\"_blank\">page d&rsquo;accueil<\/a>) ainsi que sur <a rel=\"noreferrer noopener\" aria-label=\"Facebook  (s\u2019ouvre dans un nouvel onglet)\" href=\"https:\/\/fr-fr.facebook.com\/pages\/category\/Nonprofit-Organization\/Recherche-sur-les-Charpentes-et-les-Plafonds-Peints-M%C3%A9di%C3%A9vaux-108556049209743\/\" target=\"_blank\">Facebook <\/a>et <a rel=\"noreferrer noopener\" aria-label=\"Twitter (s\u2019ouvre dans un nouvel onglet)\" href=\"https:\/\/twitter.com\/RCPPMassoc\" target=\"_blank\">Twitter<\/a> .<\/p>\n\n\n\n<div style=\"height:40px\" aria-hidden=\"true\" class=\"wp-block-spacer\"><\/div>\n\n\n\n<div class=\"wp-block-media-text is-stacked-on-mobile\"><figure class=\"wp-block-media-text__media\"><img loading=\"lazy\" decoding=\"async\" width=\"640\" height=\"895\" src=\"https:\/\/rcppm.org\/blog\/wp-content\/uploads\/2024\/10\/Depliant-2024-p1.jpg\" alt=\"\" class=\"wp-image-6037 size-full\" srcset=\"https:\/\/rcppm.org\/blog\/wp-content\/uploads\/2024\/10\/Depliant-2024-p1.jpg 640w, https:\/\/rcppm.org\/blog\/wp-content\/uploads\/2024\/10\/Depliant-2024-p1-215x300.jpg 215w\" sizes=\"auto, (max-width: 640px) 100vw, 640px\" \/><\/figure><div class=\"wp-block-media-text__content\">\n<h1 class=\"wp-block-heading\">2024 <\/h1>\n\n\n\n<h3 class=\"wp-block-heading\">Lagrasse, nouvelles perspectives<\/h3>\n\n\n\n<p>18e Rencontres RCPPM : Lagrasse, 28 septembre 2024<br><br>Pour visualiser le programme, cliquez <a href=\"https:\/\/rcppm.org\/blog\/wp-content\/uploads\/2024\/10\/1-Depliant-2024-RCPPM.pdf\" target=\"_blank\" rel=\"noreferrer noopener\">ici<\/a>.<\/p>\n<\/div><\/div>\n\n\n\n<div style=\"height:90px\" aria-hidden=\"true\" class=\"wp-block-spacer\"><\/div>\n\n\n\n<div class=\"wp-block-media-text is-stacked-on-mobile\"><figure class=\"wp-block-media-text__media\"><img loading=\"lazy\" decoding=\"async\" width=\"646\" height=\"895\" src=\"https:\/\/rcppm.org\/blog\/wp-content\/uploads\/2024\/10\/Depliant-2023-p1.jpg\" alt=\"\" class=\"wp-image-6035 size-full\" srcset=\"https:\/\/rcppm.org\/blog\/wp-content\/uploads\/2024\/10\/Depliant-2023-p1.jpg 646w, https:\/\/rcppm.org\/blog\/wp-content\/uploads\/2024\/10\/Depliant-2023-p1-217x300.jpg 217w\" sizes=\"auto, (max-width: 646px) 100vw, 646px\" \/><\/figure><div class=\"wp-block-media-text__content\">\n<h1 class=\"wp-block-heading\">2023 <\/h1>\n\n\n\n<h3 class=\"wp-block-heading\">Du Languedoc \u00e0 l&rsquo;Italie, les plafonds annoncent la couleur<\/h3>\n\n\n\n<p>17e Rencontres RCPPM : Capestang, 9-10 septembre 2023<br><br>Pour visualiser le programme, cliquez <a href=\"https:\/\/rcppm.org\/blog\/wp-content\/uploads\/2024\/10\/Depliant-2023-RCPPM.pdf\" target=\"_blank\" rel=\"noreferrer noopener\">ici<\/a>.<\/p>\n<\/div><\/div>\n\n\n\n<div style=\"height:90px\" aria-hidden=\"true\" class=\"wp-block-spacer\"><\/div>\n\n\n\n<div class=\"wp-block-media-text is-stacked-on-mobile\"><figure class=\"wp-block-media-text__media\"><img loading=\"lazy\" decoding=\"async\" width=\"649\" height=\"895\" src=\"https:\/\/rcppm.org\/blog\/wp-content\/uploads\/2024\/10\/Depliant-2022-p1.jpg\" alt=\"\" class=\"wp-image-6033 size-full\" srcset=\"https:\/\/rcppm.org\/blog\/wp-content\/uploads\/2024\/10\/Depliant-2022-p1.jpg 649w, https:\/\/rcppm.org\/blog\/wp-content\/uploads\/2024\/10\/Depliant-2022-p1-218x300.jpg 218w\" sizes=\"auto, (max-width: 649px) 100vw, 649px\" \/><\/figure><div class=\"wp-block-media-text__content\">\n<h1 class=\"wp-block-heading\">2022 <\/h1>\n\n\n\n<h3 class=\"wp-block-heading\">Le plafond peint de Puisserguier et autres d\u00e9couvertes<\/h3>\n\n\n\n<p>16e Rencontres RCPPM : Puisserguier, 10 septembre 2022<br><br>Pour visualiser le programme, cliquez <a href=\"https:\/\/rcppm.org\/blog\/wp-content\/uploads\/2024\/10\/Depliant-programme-2022-RCPPM.pdf\" target=\"_blank\" rel=\"noreferrer noopener\">ici<\/a>.<\/p>\n<\/div><\/div>\n\n\n\n<div style=\"height:90px\" aria-hidden=\"true\" class=\"wp-block-spacer\"><\/div>\n\n\n\n<div class=\"wp-block-media-text alignwide is-stacked-on-mobile\" style=\"grid-template-columns:43% auto\"><figure class=\"wp-block-media-text__media\"><img loading=\"lazy\" decoding=\"async\" width=\"629\" height=\"861\" src=\"https:\/\/rcppm.org\/blog\/wp-content\/uploads\/2021\/07\/Affiche-Rencontres-2021.png\" alt=\"\" class=\"wp-image-4617 size-full\" srcset=\"https:\/\/rcppm.org\/blog\/wp-content\/uploads\/2021\/07\/Affiche-Rencontres-2021.png 629w, https:\/\/rcppm.org\/blog\/wp-content\/uploads\/2021\/07\/Affiche-Rencontres-2021-219x300.png 219w\" sizes=\"auto, (max-width: 629px) 100vw, 629px\" \/><\/figure><div class=\"wp-block-media-text__content\">\n<p class=\"has-large-font-size\">2021<\/p>\n\n\n\n<h3 class=\"wp-block-heading\">Les plafonds peints dans leur contexte architectural<\/h3>\n\n\n\n<p>14e Rencontres RCPPM : Capestang, 11 septembre 2021<\/p>\n\n\n\n<p>Pour visualiser le programme, cliquez <a href=\"https:\/\/rcppm.org\/blog\/wp-content\/uploads\/2021\/07\/De\u0301pliant-2021-v4.pdf\" data-type=\"URL\" data-id=\"https:\/\/rcppm.org\/blog\/wp-content\/uploads\/2021\/07\/De\u0301pliant-2021-v4.pdf\">ici<\/a>. <\/p>\n<\/div><\/div>\n\n\n\n<div style=\"height:100px\" aria-hidden=\"true\" class=\"wp-block-spacer\"><\/div>\n\n\n\n<div class=\"wp-block-media-text alignwide is-stacked-on-mobile\" style=\"grid-template-columns:41% auto\"><figure class=\"wp-block-media-text__media\"><img loading=\"lazy\" decoding=\"async\" width=\"492\" height=\"691\" src=\"https:\/\/rcppm.org\/blog\/wp-content\/uploads\/2020\/09\/Affiche-rencontres-2020-1.png\" alt=\"\" class=\"wp-image-4142 size-full\" srcset=\"https:\/\/rcppm.org\/blog\/wp-content\/uploads\/2020\/09\/Affiche-rencontres-2020-1.png 492w, https:\/\/rcppm.org\/blog\/wp-content\/uploads\/2020\/09\/Affiche-rencontres-2020-1-214x300.png 214w\" sizes=\"auto, (max-width: 492px) 100vw, 492px\" \/><\/figure><div class=\"wp-block-media-text__content\">\n<p class=\"has-large-font-size\"> 2020 <\/p>\n\n\n\n<h3 class=\"wp-block-heading\">R\u00e9v\u00e9ler l&rsquo;invisible sur les plafonds peints m\u00e9di\u00e9vaux<\/h3>\n\n\n\n<h3 class=\"wp-block-heading\">Nouvelles d\u00e9couvertes, nouvelles recherches<\/h3>\n\n\n\n<p>13e Rencontres RCPPM : Capestang, 26 septembre 2020<br><br>Pour visualiser le programme, cliquez <a href=\"https:\/\/rcppm.org\/blog\/wp-content\/uploads\/2020\/09\/Programme-Rencontres-2020.pdf\">ici<\/a>.<\/p>\n<\/div><\/div>\n\n\n\n<div style=\"height:100px\" aria-hidden=\"true\" class=\"wp-block-spacer\"><\/div>\n\n\n\n<div class=\"wp-block-media-text alignwide is-stacked-on-mobile\" style=\"grid-template-columns:41% auto\"><figure class=\"wp-block-media-text__media\"><img loading=\"lazy\" decoding=\"async\" width=\"637\" height=\"873\" src=\"https:\/\/rcppm.org\/blog\/wp-content\/uploads\/2019\/09\/12e-Rencontres-RCPPM.png\" alt=\"\" class=\"wp-image-3814 size-full\" srcset=\"https:\/\/rcppm.org\/blog\/wp-content\/uploads\/2019\/09\/12e-Rencontres-RCPPM.png 637w, https:\/\/rcppm.org\/blog\/wp-content\/uploads\/2019\/09\/12e-Rencontres-RCPPM-219x300.png 219w\" sizes=\"auto, (max-width: 637px) 100vw, 637px\" \/><\/figure><div class=\"wp-block-media-text__content\">\n<p class=\"has-large-font-size\">2019<\/p>\n\n\n\n<h3 class=\"wp-block-heading\">\u00ab\u00a0La datation des plafonds peints m\u00e9di\u00e9vaux\u00a0\u00bb<\/h3>\n\n\n\n<p>12e Rencontres RCPPM : B\u00e9ziers-Capestang, 13-14 septembre 2019<\/p>\n\n\n\n<p>Pour visualiser le programme, cliquez <a href=\"https:\/\/rcppm.org\/blog\/wp-content\/uploads\/2019\/09\/D\u00e9pliant-12e-rencontres-RCPPM.pdf\">ici<\/a>.<\/p>\n<\/div><\/div>\n\n\n\n<div style=\"height:100px\" aria-hidden=\"true\" class=\"wp-block-spacer\"><\/div>\n\n\n\n<div class=\"wp-block-media-text alignwide is-stacked-on-mobile\" style=\"grid-template-columns:41% auto\"><figure class=\"wp-block-media-text__media\"><img loading=\"lazy\" decoding=\"async\" width=\"387\" height=\"725\" src=\"https:\/\/rcppm.org\/blog\/wp-content\/uploads\/2018\/07\/Rencontre-TOULOUSE.jpg\" alt=\"\" class=\"wp-image-2656 size-full\" srcset=\"https:\/\/rcppm.org\/blog\/wp-content\/uploads\/2018\/07\/Rencontre-TOULOUSE.jpg 387w, https:\/\/rcppm.org\/blog\/wp-content\/uploads\/2018\/07\/Rencontre-TOULOUSE-160x300.jpg 160w\" sizes=\"auto, (max-width: 387px) 100vw, 387px\" \/><\/figure><div class=\"wp-block-media-text__content\">\n<p class=\"has-large-font-size\">2018<\/p>\n\n\n\n<h3 class=\"wp-block-heading\">\u00ab\u00a0Les sociabilit\u00e9s en images | F\u00eates et jeux dans le d\u00e9cor domestique (XIIIe-XVIe si\u00e8cle) | L&rsquo;apport des plafonds peints\u00a0\u00bb<\/h3>\n\n\n\n<p>11e Rencontres RCPPM : Toulouse, 27-29 septembre 2018<\/p>\n\n\n\n<p>Pour visualiser le programme, cliquez <a href=\"https:\/\/rcppm.org\/blog\/wp-content\/uploads\/2019\/07\/Toulouse-RCPPM-2018-programme.pdf\" target=\"_blank\" rel=\"noreferrer noopener\" aria-label=\"ici (s\u2019ouvre dans un nouvel onglet)\">ici<\/a>.<\/p>\n<\/div><\/div>\n\n\n\n<div style=\"height:90px\" aria-hidden=\"true\" class=\"wp-block-spacer\"><\/div>\n\n\n\n<div class=\"wp-block-media-text alignwide is-stacked-on-mobile\" style=\"grid-template-columns:40% auto\"><figure class=\"wp-block-media-text__media\"><img loading=\"lazy\" decoding=\"async\" width=\"706\" height=\"1024\" src=\"https:\/\/rcppm.org\/blog\/wp-content\/uploads\/2017\/09\/Rencontres-RCPPM-2017-1-706x1024.png\" alt=\"\" class=\"wp-image-2427 size-full\" srcset=\"https:\/\/rcppm.org\/blog\/wp-content\/uploads\/2017\/09\/Rencontres-RCPPM-2017-1-706x1024.png 706w, https:\/\/rcppm.org\/blog\/wp-content\/uploads\/2017\/09\/Rencontres-RCPPM-2017-1-207x300.png 207w, https:\/\/rcppm.org\/blog\/wp-content\/uploads\/2017\/09\/Rencontres-RCPPM-2017-1-768x1113.png 768w, https:\/\/rcppm.org\/blog\/wp-content\/uploads\/2017\/09\/Rencontres-RCPPM-2017-1.png 783w\" sizes=\"auto, (max-width: 706px) 100vw, 706px\" \/><\/figure><div class=\"wp-block-media-text__content\">\n<p class=\"has-large-font-size\">2017<\/p>\n\n\n\n<h3 class=\"wp-block-heading\">\u00ab\u00a0Un patrimoine europ\u00e9en\u00a0\u00bb<\/h3>\n\n\n\n<p>10e Rencontres RCPPM : Lagrasse, 1er-30 septembre 2017<\/p>\n\n\n\n<p>Pour visualiser le programme, cliquez <a href=\"https:\/\/rcppm.org\/blog\/wp-content\/uploads\/2017\/09\/programe-.pdf\" target=\"_blank\" rel=\"noreferrer noopener\" aria-label=\"ici (s\u2019ouvre dans un nouvel onglet)\">ici<\/a>.<\/p>\n<\/div><\/div>\n\n\n\n<div style=\"height:90px\" aria-hidden=\"true\" class=\"wp-block-spacer\"><\/div>\n\n\n\n<div class=\"wp-block-media-text alignwide is-stacked-on-mobile\" style=\"grid-template-columns:41% auto\"><figure class=\"wp-block-media-text__media\"><img loading=\"lazy\" decoding=\"async\" width=\"535\" height=\"1024\" src=\"https:\/\/rcppm.org\/blog\/wp-content\/uploads\/2016\/07\/Image1-535x1024.png\" alt=\"\" class=\"wp-image-2271 size-full\" srcset=\"https:\/\/rcppm.org\/blog\/wp-content\/uploads\/2016\/07\/Image1-535x1024.png 535w, https:\/\/rcppm.org\/blog\/wp-content\/uploads\/2016\/07\/Image1-157x300.png 157w, https:\/\/rcppm.org\/blog\/wp-content\/uploads\/2016\/07\/Image1.png 571w\" sizes=\"auto, (max-width: 535px) 100vw, 535px\" \/><\/figure><div class=\"wp-block-media-text__content\">\n<p class=\"has-large-font-size\">2016<\/p>\n\n\n\n<h3 class=\"wp-block-heading\">\u00ab\u00a0Connaissance, conservation et restauration des plafonds peints m\u00e9di\u00e9vaux en Europe : m\u00e9thodes et approches scientifiques\u00a0\u00bb<\/h3>\n\n\n\n<p>9e Rencontres RCPPM : Marseille-Fr\u00e9jus, 29 septembre &#8211; 1er octobre 2016<\/p>\n\n\n\n<p>Pour visualiser le programme, cliquez <a href=\"https:\/\/rcppm.org\/blog\/wp-content\/uploads\/2019\/07\/Rencontres-Marseille-2016-programme.pdf\" target=\"_blank\" rel=\"noreferrer noopener\" aria-label=\"ici (s\u2019ouvre dans un nouvel onglet)\">ici<\/a>.<\/p>\n<\/div><\/div>\n\n\n\n<div style=\"height:90px\" aria-hidden=\"true\" class=\"wp-block-spacer\"><\/div>\n\n\n\n<div class=\"wp-block-media-text alignwide is-stacked-on-mobile\" style=\"grid-template-columns:40% auto\"><figure class=\"wp-block-media-text__media\"><img loading=\"lazy\" decoding=\"async\" width=\"480\" height=\"1024\" src=\"https:\/\/rcppm.org\/blog\/wp-content\/uploads\/2019\/07\/Rencontres-Lagrasse-2015-480x1024.png\" alt=\"\" class=\"wp-image-3708 size-full\" srcset=\"https:\/\/rcppm.org\/blog\/wp-content\/uploads\/2019\/07\/Rencontres-Lagrasse-2015-480x1024.png 480w, https:\/\/rcppm.org\/blog\/wp-content\/uploads\/2019\/07\/Rencontres-Lagrasse-2015-141x300.png 141w, https:\/\/rcppm.org\/blog\/wp-content\/uploads\/2019\/07\/Rencontres-Lagrasse-2015.png 578w\" sizes=\"auto, (max-width: 480px) 100vw, 480px\" \/><\/figure><div class=\"wp-block-media-text__content\">\n<p class=\"has-large-font-size\">2015<\/p>\n\n\n\n<h3 class=\"wp-block-heading\">\u00ab\u00a0Du Frioul \u00e0 l&rsquo;Aragon : esquisse d&rsquo;une g\u00e9ographie des plafonds peints m\u00e9di\u00e9vaux\u00a0\u00bb<\/h3>\n\n\n\n<p>8e Rencontres RCPPM : Lagrasse, 9-11 octobre 2015<\/p>\n\n\n\n<p>Pour visualiser le programme, cliquez <a href=\"https:\/\/rcppm.org\/blog\/wp-content\/uploads\/2019\/07\/Rencontres-Lagrasse-2015-programme.pdf\" target=\"_blank\" rel=\"noreferrer noopener\" aria-label=\"ici (s\u2019ouvre dans un nouvel onglet)\">ici<\/a>.<\/p>\n<\/div><\/div>\n\n\n\n<div style=\"height:90px\" aria-hidden=\"true\" class=\"wp-block-spacer\"><\/div>\n\n\n\n<div class=\"wp-block-media-text alignwide is-stacked-on-mobile\" style=\"grid-template-columns:41% auto\"><figure class=\"wp-block-media-text__media\"><img loading=\"lazy\" decoding=\"async\" width=\"331\" height=\"437\" src=\"https:\/\/rcppm.org\/blog\/wp-content\/uploads\/2019\/07\/Rencontres-Images-oubli\u00e9es.png\" alt=\"\" class=\"wp-image-3698 size-full\" srcset=\"https:\/\/rcppm.org\/blog\/wp-content\/uploads\/2019\/07\/Rencontres-Images-oubli\u00e9es.png 331w, https:\/\/rcppm.org\/blog\/wp-content\/uploads\/2019\/07\/Rencontres-Images-oubli\u00e9es-227x300.png 227w\" sizes=\"auto, (max-width: 331px) 100vw, 331px\" \/><\/figure><div class=\"wp-block-media-text__content\">\n<p class=\"has-large-font-size\">2014<\/p>\n\n\n\n<h3 class=\"wp-block-heading\">\u00ab\u00a0Images oubli\u00e9es du Moyen \u00c2ge | \u00c0 la recherche des plafonds perdus\u00a0\u00bb<\/h3>\n\n\n\n<p>7e Rencontres RCPPM : Lagrasse, inauguration de l&rsquo;exposition <a href=\"https:\/\/rcppm.org\/blog\/wp-content\/uploads\/2019\/07\/d\u00e9pliant-expo-Lagrasse-2014-Images-oubli\u00e9es-du-Moyen-\u00c2ge.pdf\" target=\"_blank\" rel=\"noreferrer noopener\" aria-label=\"&quot;Images oubli\u00e9es du Moyen \u00c2ge&quot; (s\u2019ouvre dans un nouvel onglet)\">\u00ab\u00a0Images oubli\u00e9es du Moyen \u00c2ge\u00a0\u00bb<\/a>, 19 septembre 2014 | Pont-Saint-Esprit, conf\u00e9rences, 27 septembre 2014<\/p>\n\n\n\n<p>Pour visualiser le programme, cliquez <a href=\"https:\/\/rcppm.org\/blog\/wp-content\/uploads\/2014\/09\/programme-27-09.pdf\" target=\"_blank\" rel=\"noreferrer noopener\" aria-label=\"ici (s\u2019ouvre dans un nouvel onglet)\">ici<\/a>.<\/p>\n<\/div><\/div>\n\n\n\n<div style=\"height:90px\" aria-hidden=\"true\" class=\"wp-block-spacer\"><\/div>\n\n\n\n<div class=\"wp-block-media-text alignwide is-stacked-on-mobile\" style=\"grid-template-columns:41% auto\"><figure class=\"wp-block-media-text__media\"><img loading=\"lazy\" decoding=\"async\" width=\"320\" height=\"643\" src=\"https:\/\/rcppm.org\/blog\/wp-content\/uploads\/2013\/09\/Image1.png\" alt=\"\" class=\"wp-image-1286 size-full\" srcset=\"https:\/\/rcppm.org\/blog\/wp-content\/uploads\/2013\/09\/Image1.png 320w, https:\/\/rcppm.org\/blog\/wp-content\/uploads\/2013\/09\/Image1-149x300.png 149w\" sizes=\"auto, (max-width: 320px) 100vw, 320px\" \/><\/figure><div class=\"wp-block-media-text__content\">\n<p class=\"has-large-font-size\">2013<\/p>\n\n\n\n<h3 class=\"wp-block-heading\">\u00ab\u00a0Images de soi dans l&rsquo;univers domestique, XIIIe-XVIe si\u00e8cles\u00a0\u00bb<\/h3>\n\n\n\n<p>6e Rencontres RCPPM : Montpellier, 17-19 octobre 2013<\/p>\n\n\n\n<p>Pour visualiser le programme, cliquez <a rel=\"noreferrer noopener\" href=\"https:\/\/rcppm.org\/blog\/wp-content\/uploads\/2013\/09\/Programme-Images-de-soi-RCPPM1.pdf\" target=\"_blank\">ici<\/a>. <\/p>\n<\/div><\/div>\n\n\n\n<div style=\"height:90px\" aria-hidden=\"true\" class=\"wp-block-spacer\"><\/div>\n\n\n\n<div class=\"wp-block-media-text alignwide is-stacked-on-mobile\" style=\"grid-template-columns:43% auto\"><figure class=\"wp-block-media-text__media\"><img loading=\"lazy\" decoding=\"async\" width=\"310\" height=\"641\" src=\"https:\/\/rcppm.org\/blog\/wp-content\/uploads\/2013\/12\/Image2.png\" alt=\"\" class=\"wp-image-1560 size-full\" srcset=\"https:\/\/rcppm.org\/blog\/wp-content\/uploads\/2013\/12\/Image2.png 310w, https:\/\/rcppm.org\/blog\/wp-content\/uploads\/2013\/12\/Image2-145x300.png 145w\" sizes=\"auto, (max-width: 310px) 100vw, 310px\" \/><\/figure><div class=\"wp-block-media-text__content\">\n<p class=\"has-large-font-size\">2012<\/p>\n\n\n\n<h3 class=\"wp-block-heading\">\u00ab\u00a0Narbonne : un patrimoine m\u00e9connu\u00a0\u00bb<\/h3>\n\n\n\n<p>5e Rencontres RCPPM : Narbonne, 12 mai 2012<\/p>\n\n\n\n<p>Pour visualiser le programme, cliquez <a rel=\"noreferrer noopener\" href=\"https:\/\/rcppm.org\/blog\/wp-content\/uploads\/2013\/12\/programme-Narbonne.pdf\" target=\"_blank\">ici<\/a>. <\/p>\n<\/div><\/div>\n\n\n\n<div style=\"height:90px\" aria-hidden=\"true\" class=\"wp-block-spacer\"><\/div>\n\n\n\n<div class=\"wp-block-media-text alignwide is-stacked-on-mobile\" style=\"grid-template-columns:40% auto\"><figure class=\"wp-block-media-text__media\"><img loading=\"lazy\" decoding=\"async\" width=\"489\" height=\"1024\" src=\"https:\/\/rcppm.org\/blog\/wp-content\/uploads\/2011\/02\/affiche_carca-489x1024.jpg\" alt=\"\" class=\"wp-image-624 size-full\" srcset=\"https:\/\/rcppm.org\/blog\/wp-content\/uploads\/2011\/02\/affiche_carca-489x1024.jpg 489w, https:\/\/rcppm.org\/blog\/wp-content\/uploads\/2011\/02\/affiche_carca-143x300.jpg 143w, https:\/\/rcppm.org\/blog\/wp-content\/uploads\/2011\/02\/affiche_carca-768x1609.jpg 768w, https:\/\/rcppm.org\/blog\/wp-content\/uploads\/2011\/02\/affiche_carca.jpg 1184w\" sizes=\"auto, (max-width: 489px) 100vw, 489px\" \/><\/figure><div class=\"wp-block-media-text__content\">\n<p class=\"has-large-font-size\">2011<\/p>\n\n\n\n<h3 class=\"wp-block-heading\">\u00ab\u00a0Usages et techniques de la couleur\u00a0\u00bb<\/h3>\n\n\n\n<p>4e Rencontres RCPPM : Carcassonne, 27-28 mai 2011<\/p>\n\n\n\n<p>Pour visualiser le programme, cliquez <a rel=\"noreferrer noopener\" href=\"https:\/\/rcppm.org\/blog\/wp-content\/uploads\/2013\/12\/Programme_Colloque_Plafonds.pdf\" target=\"_blank\">ici<\/a>. <\/p>\n<\/div><\/div>\n\n\n\n<div style=\"height:90px\" aria-hidden=\"true\" class=\"wp-block-spacer\"><\/div>\n\n\n\n<div class=\"wp-block-media-text alignwide is-stacked-on-mobile\" style=\"grid-template-columns:40% auto\"><figure class=\"wp-block-media-text__media\"><img loading=\"lazy\" decoding=\"async\" width=\"512\" height=\"1024\" src=\"https:\/\/rcppm.org\/blog\/wp-content\/uploads\/2010\/12\/Affiche_colloque2010-512x1024.jpg\" alt=\"\" class=\"wp-image-425 size-full\" srcset=\"https:\/\/rcppm.org\/blog\/wp-content\/uploads\/2010\/12\/Affiche_colloque2010-512x1024.jpg 512w, https:\/\/rcppm.org\/blog\/wp-content\/uploads\/2010\/12\/Affiche_colloque2010-150x300.jpg 150w, https:\/\/rcppm.org\/blog\/wp-content\/uploads\/2010\/12\/Affiche_colloque2010-768x1537.jpg 768w, https:\/\/rcppm.org\/blog\/wp-content\/uploads\/2010\/12\/Affiche_colloque2010.jpg 1476w\" sizes=\"auto, (max-width: 512px) 100vw, 512px\" \/><\/figure><div class=\"wp-block-media-text__content\">\n<p class=\"has-large-font-size\">2010<\/p>\n\n\n\n<h3 class=\"wp-block-heading\">\u00ab\u00a0Conservation, restauration, valorisation\u00a0\u00bb<\/h3>\n\n\n\n<p>3e Rencontres RCPPM : Perpignan-Vic, 6-8 mai 2010<\/p>\n\n\n\n<p>Pour visualiser le programme, cliquez <a href=\"https:\/\/rcppm.org\/blog\/wp-content\/uploads\/2013\/12\/flyer_colloque2010.pdf\" target=\"_blank\" rel=\"noreferrer noopener\" aria-label=\" (s\u2019ouvre dans un nouvel onglet)\">ici<\/a>. <\/p>\n<\/div><\/div>\n\n\n\n<div style=\"height:90px\" aria-hidden=\"true\" class=\"wp-block-spacer\"><\/div>\n\n\n\n<div class=\"wp-block-media-text alignwide is-stacked-on-mobile\" style=\"grid-template-columns:41% auto\"><figure class=\"wp-block-media-text__media\"><img loading=\"lazy\" decoding=\"async\" width=\"981\" height=\"1024\" src=\"https:\/\/rcppm.org\/blog\/wp-content\/uploads\/2010\/12\/Affiche_colloque2009-981x1024.jpg\" alt=\"\" class=\"wp-image-429 size-full\" srcset=\"https:\/\/rcppm.org\/blog\/wp-content\/uploads\/2010\/12\/Affiche_colloque2009-981x1024.jpg 981w, https:\/\/rcppm.org\/blog\/wp-content\/uploads\/2010\/12\/Affiche_colloque2009-287x300.jpg 287w, https:\/\/rcppm.org\/blog\/wp-content\/uploads\/2010\/12\/Affiche_colloque2009-768x802.jpg 768w\" sizes=\"auto, (max-width: 981px) 100vw, 981px\" \/><\/figure><div class=\"wp-block-media-text__content\">\n<p class=\"has-large-font-size\">2009<\/p>\n\n\n\n<h3 class=\"wp-block-heading\">\u00ab\u00a0Charpentes et plafonds peints m\u00e9di\u00e9vaux -II- : Provence\u00a0\u00bb <\/h3>\n\n\n\n<p>2e Rencontres RCPPM : Avignon-Tarascon, 27-28 mars 2009<\/p>\n\n\n\n<p>Pour visualiser le programme, cliquez <a href=\"https:\/\/rcppm.org\/blog\/wp-content\/uploads\/2013\/12\/plaquette.pdf\" target=\"_blank\" rel=\"noreferrer noopener\" aria-label=\" (s\u2019ouvre dans un nouvel onglet)\">ici<\/a>. <\/p>\n<\/div><\/div>\n\n\n\n<div style=\"height:90px\" aria-hidden=\"true\" class=\"wp-block-spacer\"><\/div>\n\n\n\n<div class=\"wp-block-media-text alignwide is-stacked-on-mobile\" style=\"grid-template-columns:42% auto\"><figure class=\"wp-block-media-text__media\"><img loading=\"lazy\" decoding=\"async\" width=\"724\" height=\"1024\" src=\"https:\/\/rcppm.org\/blog\/wp-content\/uploads\/2011\/01\/Affiche_colloque2008-724x1024.jpg\" alt=\"\" class=\"wp-image-441 size-full\" srcset=\"https:\/\/rcppm.org\/blog\/wp-content\/uploads\/2011\/01\/Affiche_colloque2008-724x1024.jpg 724w, https:\/\/rcppm.org\/blog\/wp-content\/uploads\/2011\/01\/Affiche_colloque2008-212x300.jpg 212w, https:\/\/rcppm.org\/blog\/wp-content\/uploads\/2011\/01\/Affiche_colloque2008-768x1086.jpg 768w\" sizes=\"auto, (max-width: 724px) 100vw, 724px\" \/><\/figure><div class=\"wp-block-media-text__content\">\n<p class=\"has-large-font-size\">2008<\/p>\n\n\n\n<h3 class=\"wp-block-heading\">\u00ab\u00a0Les plafonds peints en France m\u00e9ridionale et M\u00e9diterran\u00e9e occidentale\u00a0\u00bb <\/h3>\n\n\n\n<p>1\u00e8res Rencontres RCPPM : Capestang-Narbonne-Lagrasse, 21-23 f\u00e9vrier 2008<\/p>\n\n\n\n<p>Pour visualiser le programme, cliquez&nbsp;<a rel=\"noreferrer noopener\" href=\"https:\/\/rcppm.org\/blog\/wp-content\/uploads\/2013\/12\/1er-colloque.pdf\" target=\"_blank\">ici<\/a>.<\/p>\n<\/div><\/div>\n\n\n\n<p><\/p>\n","protected":false},"excerpt":{"rendered":"<p>Vous trouverez ici les programmes des rencontres annuelles de la RCPPM. Nous organisons de nombreux autres \u00e9v\u00e9nements autour des plafonds peints, qui sont annonc\u00e9s dans&#46;&#46;&#46;<\/p>\n","protected":false},"author":5,"featured_media":0,"parent":85,"menu_order":3,"comment_status":"open","ping_status":"closed","template":"","meta":{"footnotes":"","_links_to":"","_links_to_target":""},"class_list":["post-1550","page","type-page","status-publish","hentry"],"_links":{"self":[{"href":"https:\/\/rcppm.org\/blog\/wp-json\/wp\/v2\/pages\/1550","targetHints":{"allow":["GET"]}}],"collection":[{"href":"https:\/\/rcppm.org\/blog\/wp-json\/wp\/v2\/pages"}],"about":[{"href":"https:\/\/rcppm.org\/blog\/wp-json\/wp\/v2\/types\/page"}],"author":[{"embeddable":true,"href":"https:\/\/rcppm.org\/blog\/wp-json\/wp\/v2\/users\/5"}],"replies":[{"embeddable":true,"href":"https:\/\/rcppm.org\/blog\/wp-json\/wp\/v2\/comments?post=1550"}],"version-history":[{"count":46,"href":"https:\/\/rcppm.org\/blog\/wp-json\/wp\/v2\/pages\/1550\/revisions"}],"predecessor-version":[{"id":6042,"href":"https:\/\/rcppm.org\/blog\/wp-json\/wp\/v2\/pages\/1550\/revisions\/6042"}],"up":[{"embeddable":true,"href":"https:\/\/rcppm.org\/blog\/wp-json\/wp\/v2\/pages\/85"}],"wp:attachment":[{"href":"https:\/\/rcppm.org\/blog\/wp-json\/wp\/v2\/media?parent=1550"}],"curies":[{"name":"wp","href":"https:\/\/api.w.org\/{rel}","templated":true}]}}