{"id":1088,"date":"2012-10-30T00:03:58","date_gmt":"2012-10-29T22:03:58","guid":{"rendered":"http:\/\/rcppm.org\/blog\/?page_id=1088"},"modified":"2019-05-27T13:55:35","modified_gmt":"2019-05-27T11:55:35","slug":"jeux-coloriages","status":"publish","type":"page","link":"https:\/\/rcppm.org\/blog\/histoire-et-decouverte\/espace-ludique\/jeux-coloriages\/","title":{"rendered":"Jeux et coloriages"},"content":{"rendered":"<h1>Jeux<\/h1>\n<p>Jeux pour PC \u00e0 t\u00e9l\u00e9charger <span style=\"font-size: 8pt;\">(les liens t\u00e9l\u00e9chargent directement le fichier)<\/span><\/p>\n<p><a href=\"https:\/\/rcppm.org\/blog\/wp-content\/uploads\/2010\/05\/Jeu-chateaux-pour-internet.exe\">Labyrinthe<\/a>\u00a0<span style=\"font-size: 8pt;\"> (designer : Joseph Le Bihan)<\/span><\/p>\n<p><a href=\"https:\/\/rcppm.org\/blog\/wp-content\/uploads\/2010\/05\/Memory.exe\">Memory des closoirs<\/a>\u00a0<span style=\"font-size: 8pt;\"> (designer : Joseph Le Bihan)<\/span><\/p>\n<p>Amusez-vous bien !<\/p>\n<p>&nbsp;<\/p>\n<h1>Coloriages<\/h1>\n<p>Dans le ch\u00e2teau de l\u2019archev\u00eaque de Narbonne \u00e0 Capestang dans l\u2019H\u00e9rault, la grande salle d\u2019apparat s\u2019orne d\u2019un plafond peint au XV\u00e8me si\u00e8cle. Personnages civils, militaires ou religieux, animaux domestiques, sauvages ou fantastiques, feuillages, symboles, blasons. Plus d\u2019une centaine d\u2019images sont peintes sur la charpente.<a href=\"https:\/\/rcppm.org\/blog\/wp-content\/uploads\/2012\/10\/iletaitunefois.jpg\"><img loading=\"lazy\" decoding=\"async\" class=\"aligncenter size-medium wp-image-1091\" title=\"iletaitunefois\" src=\"https:\/\/rcppm.org\/blog\/wp-content\/uploads\/2012\/10\/iletaitunefois-300x140.jpg\" alt=\"\" width=\"300\" height=\"140\" srcset=\"https:\/\/rcppm.org\/blog\/wp-content\/uploads\/2012\/10\/iletaitunefois-300x140.jpg 300w, https:\/\/rcppm.org\/blog\/wp-content\/uploads\/2012\/10\/iletaitunefois-520x245.jpg 520w, https:\/\/rcppm.org\/blog\/wp-content\/uploads\/2012\/10\/iletaitunefois-500x234.jpg 500w, https:\/\/rcppm.org\/blog\/wp-content\/uploads\/2012\/10\/iletaitunefois.jpg 654w\" sizes=\"auto, (max-width: 300px) 100vw, 300px\" \/><\/a><\/p>\n<p>Vous trouverez ci-dessous quelques unes de ces images, re-dessin\u00e9es par Jean-Pierre Sarret, pour un album \u00e0 colorier, \u00e0 la mani\u00e8re des imagiers du Moyen \u00c2ge.<\/p>\n<p>En attendant que l&rsquo;album soit commercialis\u00e9, Jean-Pierre Sarret et la RCPPM vous offrent quelques in\u00e9dits pour colorer les apr\u00e8s-midi pluvieux de l&rsquo;automne.<\/p>\n<table style=\"border: 5px ; padding-right: 10px; padding-left: 20px;\">\n<tbody>\n<tr>\n<td>Les musiciens<\/td>\n<td>La dame<\/td>\n<td>Le combattant<\/td>\n<td>Les oiseaux<\/td>\n<\/tr>\n<tr>\n<td><a href=\"https:\/\/rcppm.org\/blog\/wp-content\/uploads\/2012\/10\/musiciens1.jpg\"><img loading=\"lazy\" decoding=\"async\" title=\"musiciens\" src=\"https:\/\/rcppm.org\/blog\/wp-content\/uploads\/2012\/10\/musiciens1-150x150.jpg\" alt=\"\" width=\"150\" height=\"150\" \/><\/a><\/td>\n<td><a href=\"https:\/\/rcppm.org\/blog\/wp-content\/uploads\/2012\/10\/dame1.jpg\"><img loading=\"lazy\" decoding=\"async\" title=\"dame\" src=\"https:\/\/rcppm.org\/blog\/wp-content\/uploads\/2012\/10\/dame1-150x150.jpg\" alt=\"\" width=\"150\" height=\"150\" \/><\/a><\/td>\n<td><a href=\"https:\/\/rcppm.org\/blog\/wp-content\/uploads\/2012\/10\/combattant2.jpg\"><img loading=\"lazy\" decoding=\"async\" title=\"combattant\" src=\"https:\/\/rcppm.org\/blog\/wp-content\/uploads\/2012\/10\/combattant2-150x150.jpg\" alt=\"\" width=\"150\" height=\"150\" \/><\/a><\/td>\n<td><a href=\"https:\/\/rcppm.org\/blog\/wp-content\/uploads\/2012\/10\/oiseaux3.jpg\"><img loading=\"lazy\" decoding=\"async\" title=\"oiseaux\" src=\"https:\/\/rcppm.org\/blog\/wp-content\/uploads\/2012\/10\/oiseaux3-150x150.jpg\" alt=\"\" width=\"150\" height=\"150\" \/><\/a><\/td>\n<\/tr>\n<\/tbody>\n<\/table>\n<p>&nbsp;<\/p>\n","protected":false},"excerpt":{"rendered":"<p>Jeux Jeux pour PC \u00e0 t\u00e9l\u00e9charger (les liens t\u00e9l\u00e9chargent directement le fichier) Labyrinthe\u00a0 (designer : Joseph Le Bihan) Memory des closoirs\u00a0 (designer : Joseph Le&#46;&#46;&#46;<\/p>\n","protected":false},"author":4,"featured_media":0,"parent":1063,"menu_order":4,"comment_status":"open","ping_status":"closed","template":"","meta":{"footnotes":"","_links_to":"","_links_to_target":""},"class_list":["post-1088","page","type-page","status-publish","hentry"],"_links":{"self":[{"href":"https:\/\/rcppm.org\/blog\/wp-json\/wp\/v2\/pages\/1088","targetHints":{"allow":["GET"]}}],"collection":[{"href":"https:\/\/rcppm.org\/blog\/wp-json\/wp\/v2\/pages"}],"about":[{"href":"https:\/\/rcppm.org\/blog\/wp-json\/wp\/v2\/types\/page"}],"author":[{"embeddable":true,"href":"https:\/\/rcppm.org\/blog\/wp-json\/wp\/v2\/users\/4"}],"replies":[{"embeddable":true,"href":"https:\/\/rcppm.org\/blog\/wp-json\/wp\/v2\/comments?post=1088"}],"version-history":[{"count":94,"href":"https:\/\/rcppm.org\/blog\/wp-json\/wp\/v2\/pages\/1088\/revisions"}],"predecessor-version":[{"id":3250,"href":"https:\/\/rcppm.org\/blog\/wp-json\/wp\/v2\/pages\/1088\/revisions\/3250"}],"up":[{"embeddable":true,"href":"https:\/\/rcppm.org\/blog\/wp-json\/wp\/v2\/pages\/1063"}],"wp:attachment":[{"href":"https:\/\/rcppm.org\/blog\/wp-json\/wp\/v2\/media?parent=1088"}],"curies":[{"name":"wp","href":"https:\/\/api.w.org\/{rel}","templated":true}]}}